 0*d - 1 - l*d**2 + 6. Let m(v) = v**2 - v + 5. Let j be m(0). What is h(j)?
0
Let q(z) = z**2 - 9*z + 10. Let s be q(7). Let n(x) = -x**3 + x**2 + 3*x - 1. Let l be n(2). Let r(i) = 5 - l + i - 2 + 1. Give r(s).
-1
Let r be (-56)/(-35) + 4/10. Let d(o) be the first derivative of -2 - 5*o + 3/2*o**r + 1/3*o**3. What is d(-5)?
5
Let i(w) be the first derivative of -7*w**5/120 - w**3/3 + 3. Let r(k) be the third derivative of i(k). Give r(-1).
7
Let o(j) = -j**3 - 5*j**2 + 7*j + 8. Suppose -5*n + 84 - 19 = 0. Let i = n - 19. Calculate o(i).
2
Let u(m) = -m**2 + 5*m - 5. Suppose -3*x - 5 = h + 4, 26 = -5*h + 4*x. Let a be h/(9/6*-1). Determine u(a).
-1
Let b(c) = -c**3 - 4*c**2 - 3*c - 3. Let j(y) = -5*y**3 + 2*y**2 + 2*y - 2. Let p be j(1). What is b(p)?
-3
Let m(t) be the third derivative of -t**5/60 - t**4/12 - t**3/3 + 4*t**2. Let u(l) = l + 1. Let v be u(-3). Let g be (-1 - (1 - 0)) + v. What is m(g)?
-10
Let z(f) = -5*f + 4. Let q(u) = 4*u - 5. Let b(p) = 4*q(p) + 3*z(p). Let d = -54 - -60. What is b(d)?
-2
Suppose 4*s - b + 14 = -4*b, 3*s - 2*b + 2 = 0. Let c(a) be the third derivative of a**4/24 - a**3/3 + 34*a**2. Determine c(s).
-4
Let v(g) = -g**3 + 6*g**2 - g + 5. Let h be (-18 + 0)*(-2)/6. What is v(h)?
-1
Let h(f) = -2*f. Suppose 2*n - 14 = 3*v, n = -3*n - v + 14. Let p(w) = w - 9. Let x be p(n). Determine h(x).
10
Let f(h) = h**2 - 7*h + 5. Suppose 3*c + 6*c - 36 = 0. What is f(c)?
-7
Let m(c) = -c**3 - 4*c**2 - 3*c - 2. Suppose 13 = 2*z + 3. Let n = -7 + z. Give m(n).
-4
Let i(m) = -3*m + 2. Let d = -34 - -37. Calculate i(d).
-7
Let h = -5 + 4. Let q be (h - -2)/(3/63). Let n be 6/q + 26/7. Let i(g) = -g**2 + 5*g + 2. Determine i(n).
6
Let q(c) = c - 1. Let s(a) = 3*a + 2. Let x(b) = 5*q(b) - s(b). Let h(l) = l**3 - 2*l**2 - l - 1. Let u be h(3). Determine x(u).
3
Let z be 6/((-3 - -3) + 3/2). Let j(i) = -2*i**2 + 3*i + 5. Determine j(z).
-15
Let a = 22 + -9. Let k(s) = -6*s**2 + a*s**2 + s - 3*s + 3*s - 1. Let p(g) = -g + 4. Let t be p(3). Give k(t).
7
Let g(y) = -10*y**3 - y**2 + 3*y - 3. Let j(a) = -7*a**3 - a**2 + 2*a - 2. Let v(f) = 5*g(f) - 7*j(f). Let m(n) = n**3 - 7*n**2 + 1. Let i be m(7). Give v(i).
1
Let b(y) be the first derivative of -y**2/2 - y - 1. Let w(u) = -u**2 + 5*u + 6. Let c be w(10). Let a be (-4)/22 - (-124)/c. Determine b(a).
2
Suppose g - 12 = 3*g + 5*v, 2*g - 8 = 5*v. Let y(k) = -3*k**3 - 2*k. Let w(s) = s**3 - s. Let b(c) = 3*w(c) - y(c). Determine b(g).
-5
Let j be 1/(1/(-2)) - 4. Let l(d) = -7*d**3 + d + 8. Let t(o) = -o**3 + o**2 + 1. Let k(c) = l(c) - 6*t(c). Determine k(j).
-4
Let c = -7 + 11. Suppose -s - c = -2*s. Let i(g) = g. Give i(s).
4
Let l be 0/(-1) - 10/(-5). Let y(s) = 2*s - 2. Let k be y(2). Let v(r) = 5 - r**k - 3*r - 4 + 3*r**2 + 0*r**l. Calculate v(3).
10
Let p(u) be the third derivative of -u**6/120 + u**4/6 - u**3/2 - u**2. Suppose -15*w = -3*w - 24. Calculate p(w).
-3
Let m be 30/5*(3 - 14/6). Suppose -u + 2*u - 1 = 0. Suppose 2*v = m*c - 2, -2*c - c - v = u. Let l(q) = -q**2 + 4. Calculate l(c).
4
Suppose -10*r = -4*r - 30. Let p(i) = i**2 + i - 1. Let k(f) = -f**3 + 2*f**2 - f + 1. Let t(h) = -k(h) - 3*p(h). Give t(r).
-8
Suppose -4*l - 5*w - 1 = -0*l, -l - 4 = 2*w. Let n(r) = -2*r - 1. What is n(l)?
-13
Let j(i) be the third derivative of -i**6/40 - i**5/30 + i**3/6 + 25*i**2. Suppose -5*s - 4*n + 17 = 0, 3*n - 2*n - 3 = 0. Give j(s).
-4
Let v(o) = -3*o + o**2 + 4*o - o**2 + 3*o**2. Determine v(-2).
10
Let d(o) = 10*o - 12. Let v(x) = 1. Let g(r) = d(r) + 3*v(r). Let z(n) = -7*n + 6. Let w(k) = 5*g(k) + 7*z(k). Give w(5).
2
Let o(j) = -3*j**2 + 15*j - 1. Let q(l) = -2*l**2 + 8*l - 1. Let y(m) = 3*o(m) - 5*q(m). What is y(-6)?
8
Let q(z) = 4*z**2 - 2*z + 6. Let x(y) = y**2 - y + 1. Let b(g) = q(g) - 5*x(g). Calculate b(-2).
-9
Let b(a) = 4*a + 7. Let u(f) = -6*f - 10. Let l(s) = -7*b(s) - 5*u(s). Give l(4).
9
Let b(o) be the second derivative of 0 + 2*o - 3*o**2 + 1/6*o**3. Determine b(0).
-6
Let h(b) = b**2 - 6*b - 5. Suppose 0 = -d - 11 + 17. Determine h(d).
-5
Let n = -6 - -3. Let k = 1 + 1. Let b(l) = l**3 + 7*l**2 - 2*l - k*l**2 - 3*l**2. Give b(n).
-3
Let a(q) = q**3 + 15*q**2 - 18*q**2 + 4 - q - 3. What is a(3)?
-2
Let q be (-5)/(-3)*(-36)/(-30). Let w(d) be the first derivative of -q + 3*d + 1/3*d**3 - 5/2*d**2. Give w(4).
-1
Let t(p) = p**2 + p - 5. Suppose -3*l - 4 = 6*x - 5*x, -x - 5*l - 4 = 0. Give t(x).
7
Suppose 4*t + 20 = 4, t = x - 11. Let o(c) = -c + 1. Let h(b) = -b + 1. Let m(g) = 5*h(g) - 4*o(g). Determine m(x).
-6
Let p(u) be the first derivative of -1 - u + 3/2*u**2. Suppose 4*n - 2*g + 18 = 0, -3*n = -4*g - 8 + 34. Calculate p(n).
-7
Let y(t) be the second derivative of 2*t - 5/6*t**3 - 1/2*t**2 + 0. Suppose -5*d = -u - 9, u + 3 = d + 2. Determine y(u).
-6
Suppose -5*m - t - 2 = -0, 3*t + 6 = 0. Suppose 6*k - 37 = -3*l + k, -5*k + 25 = 0. Let g(r) = m*r + 2*r - l - r. Calculate g(4).
0
Let w be -1*(-1 + -2) - 3. Suppose 2*x + 4*j + 4 = w, 3*x + j + 11 = -0. Let k be 115/(-35) - x/14. Let g(o) = -2*o**2 - 3*o + 3. What is g(k)?
-6
Let m(n) = n**3 + 3*n**2 + 3. Let f = 49 - 52. Give m(f).
3
Let j(r) = -r + 2. Suppose 3*h + 5 = 29. Suppose 23 = i + 4*t, -6*i + 2*i + 4*t = h. What is j(i)?
-1
Let d(j) = -2 + 7*j + j - 3*j + 1. What is d(1)?
4
Let u(w) = w**3 + 11*w**2 + 11*w + 12. Let a be u(-10). Let c(v) = 0 + 2 - a*v + v. Suppose 0*g = -3*g + 2*r + 16, -5*g + 30 = -4*r. Calculate c(g).
0
Suppose -i = -2*j + 3, 3*j = 2*j + 4*i + 12. Let r(n) = -n**2 - n - 7. Give r(j).
-7
Let u(n) = -n**3 - 14*n**2 + 17*n + 36. Let z be u(-15). Let h(s) = s**2 - 8*s + 7. Determine h(z).
-5
Let h(l) = 4*l**3 - l**2. Let i be h(1). Suppose -k - i + 5 = -m, -4*m = 12. Let x(j) = -4*j + 1. What is x(k)?
5
Let x(t) = -t + 3. Let m be x(8). Let l = m + -1. Let p = -1 - l. Let y(q) = -3*q + 6. What is y(p)?
-9
Suppose 6*l - 8 = 4*l. Suppose -3*x + x + 3*t + 5 = 0, l*t + 10 = x. Let j(c) be the third derivative of c**5/30 + c**4/24 - c**3/6 - c**2. Give j(x).
5
Let p(n) = -103*n - 1 - 1 + 99*n. Give p(3).
-14
Let v be 0/1*2/(-2). Let l be (-4 - -4)*(-1)/(-2). Let r(f) = f + 0*f + l*f. Determine r(v).
0
Let s(x) = -x**3 + 5*x**2 + x. Let d be 3/(-5) + (-28)/(-5). Give s(d).
5
Let x(h) = -4*h + 3. Suppose a = 6*a - 15. Suppose 0 = w - 2 - a. Suppose 0 = -4*v - w*c - 7, 3*c = 5*v - 2*v - 15. What is x(v)?
-5
Let z(j) = -j**2 + 10*j - 15. Let w(i) = i + 13. Let a be w(-6). Let t be z(a). Let m(h) = -h - 1. What is m(t)?
-7
Let n(h) = h**2 - 2*h - 2. Let a be (-49)/7 + -4 + 1. Let q be 25/a*4/5. What is n(q)?
6
Let r = -1 - -11. Let i = r - 5. Suppose 10 = m + i*f, 2*m + 2*f = 15 - 3. Let l(p) = p**3 - 6*p**2 + 3*p + 3. Determine l(m).
-7
Let h(q) = -q**2 + 9*q + 12. Let k be h(10). Let o(n) = 1 - 9 + k*n + n - 2*n. Determine o(5).
-3
Let c = 19 + -24. Let v(g) be the second derivative of g**3/6 - g**2/2 + g. Let a be v(c). Let m(x) = -x**2 - 8*x - 5. What is m(a)?
7
Let n = 73 + -78. Let i(k) = k**3 + 5*k**2 + 3. What is i(n)?
3
Let z(u) = u + 2. Let l be z(2). Let j(w) = -w + 7. Determine j(l).
3
Let o(j) = j**2 + 4*j + 6. Let m(q) = q**2 + 4*q + 2. Let b be m(-4). Suppose -20 = 3*z + b*z. What is o(z)?
6
Let f be 3/3 + 3/1 - 3. Let s(b) = -4*b**2. Determine s(f).
-4
Let b(j) = 2*j - 7. Let q be b(6). Let h(i) = -5*i + 2. Give h(q).
-23
Let n(v) = v**3 + 3*v**2 + v + 1. Let a be 8/(-1) - (-2 + 1). Let f(j) = -j**3 - 8*j**2 - 8*j - 10. Let y be f(a). Calculate n(y).
-2
Let o(v) = -4*v**3 - 4*v**2 - 4*v - 6. Let l(g) = -11*g**3 - 12*g**2 - 12*g - 17. Let x(f) = 3*l(f) - 8*o(f). What is x(-4)?
13
Let c(g) = -7*g**2 - 15*g - 7. Let y(z) = 4*z**2 + 8*z + 4. Let v(j) = 3*c(j) + 5*y(j). Calculate v(-5).
-1
Let u(l) be the first derivative of -1/2*l**2 - 6 + 2*l. What is u(-3)?
5
Let q(j) = 2*j - 4. Let o be q(6). Let m = -6 + o. Let n(s) = 0*s + s + 3*s**2 - 2*s**2 - m. Calculate n(-2).
0
Let r(i) = -i**3 - 4*i**2 - 4*i. Suppose -3 = 5*y - 18. Suppose 1 = y*a + 10. Determine r(a).
3
Let c = 8 + -1. Let q(o) = -o**2 + 8*o - 10. Determine q(c).
-3
Let m(d) = -d**3 + 6*d**2 + 6*d + 5. Let y be m(7). Let a(k) = -k - 8 - k - k + 2*k. Let j(o) = o + 9. Let w(t) = 6*a(t) + 5*j(t). What is w(y)?
-1
Let l(n) be the second derivative of -5*n**3/6 + n**2 + n. Let w be l(-2). Suppose -w = -u - 3*u. 